{"id":11,"date":"2018-09-10T11:08:25","date_gmt":"2018-09-10T11:08:25","guid":{"rendered":"http:\/\/stromorental.pl\/?page_id=11"},"modified":"2023-05-28T16:36:23","modified_gmt":"2023-05-28T16:36:23","slug":"zasady-wynajmu","status":"publish","type":"page","link":"https:\/\/stromorental.pl\/?page_id=11","title":{"rendered":"Zasady wynajmu"},"content":{"rendered":"\t\t<div data-elementor-type=\"wp-post\" data-elementor-id=\"11\" class=\"elementor elementor-11\" data-elementor-post-type=\"page\">\n\t\t\t\t\t\t<section class=\"elementor-section elementor-top-section elementor-element elementor-element-23fd5347 elementor-section-boxed elementor-section-height-default elementor-section-height-default\" data-id=\"23fd5347\" data-element_type=\"section\" data-e-type=\"section\" id=\"menu\" data-settings=\"{&quot;background_background&quot;:&quot;classic&quot;}\">\n\t\t\t\t\t\t<div class=\"elementor-container elementor-column-gap-extended\">\n\t\t\t\t\t<div class=\"elementor-column elementor-col-50 elementor-top-column elementor-element elementor-element-189ec2cb\" data-id=\"189ec2cb\" data-element_type=\"column\" data-e-type=\"column\">\n\t\t\t<div class=\"elementor-widget-wrap elementor-element-populated\">\n\t\t\t\t\t\t<div class=\"elementor-element elementor-element-53e99a29 elementor-invisible elementor-widget elementor-widget-image\" data-id=\"53e99a29\" data-element_type=\"widget\" data-e-type=\"widget\" data-settings=\"{&quot;_animation&quot;:&quot;zoomIn&quot;}\" data-widget_type=\"image.default\">\n\t\t\t\t\t\t\t\t\t\t\t\t\t\t\t<img fetchpriority=\"high\" decoding=\"async\" width=\"500\" height=\"474\" src=\"http:\/\/stromorental.pl\/wp-content\/uploads\/2018\/09\/LOGO-1f.png\" class=\"attachment-full size-full wp-image-24\" alt=\"\" srcset=\"http:\/\/stromorental.pl\/wp-content\/uploads\/2018\/09\/LOGO-1f.png 500w, http:\/\/stromorental.pl\/wp-content\/uploads\/2018\/09\/LOGO-1f-300x284.png 300w\" sizes=\"100vw\" \/>\t\t\t\t\t\t\t\t\t\t\t\t\t\t\t<\/div>\n\t\t\t\t\t<\/div>\n\t\t<\/div>\n\t\t\t\t<div class=\"elementor-column elementor-col-50 elementor-top-column elementor-element elementor-element-2ca31fab\" data-id=\"2ca31fab\" data-element_type=\"column\" data-e-type=\"column\">\n\t\t\t<div class=\"elementor-widget-wrap elementor-element-populated\">\n\t\t\t\t\t\t<div class=\"elementor-element elementor-element-92a837e elementor-nav-menu__align-center elementor-nav-menu__text-align-center elementor-nav-menu--dropdown-tablet elementor-nav-menu--toggle elementor-nav-menu--burger elementor-invisible elementor-widget elementor-widget-nav-menu\" data-id=\"92a837e\" data-element_type=\"widget\" data-e-type=\"widget\" data-settings=\"{&quot;_animation&quot;:&quot;zoomIn&quot;,&quot;submenu_icon&quot;:{&quot;value&quot;:&quot;&lt;i class=\\&quot;\\&quot;&gt;&lt;\\\/i&gt;&quot;,&quot;library&quot;:&quot;&quot;},&quot;layout&quot;:&quot;horizontal&quot;,&quot;toggle&quot;:&quot;burger&quot;}\" data-widget_type=\"nav-menu.default\">\n\t\t\t\t<div class=\"elementor-widget-container\">\n\t\t\t\t\t\t\t\t<nav class=\"elementor-nav-menu--main elementor-nav-menu__container elementor-nav-menu--layout-horizontal e--pointer-none\">\n\t\t\t\t<ul id=\"menu-1-92a837e\" class=\"elementor-nav-menu\"><li class=\"menu-item menu-item-type-post_type menu-item-object-page menu-item-home menu-item-34\"><a href=\"https:\/\/stromorental.pl\/\" class=\"elementor-item\">WYPOZYCZALNIA ELEKTRONARZEDZI WROC\u0141AW STROMO RENTAL<\/a><\/li>\n<li class=\"menu-item menu-item-type-post_type menu-item-object-page menu-item-32\"><a href=\"https:\/\/stromorental.pl\/?page_id=7\" class=\"elementor-item\">Wynajem sprz\u0119tu<\/a><\/li>\n<li class=\"menu-item menu-item-type-post_type menu-item-object-page menu-item-31\"><a href=\"https:\/\/stromorental.pl\/?page_id=9\" class=\"elementor-item\">Kontakt<\/a><\/li>\n<li class=\"menu-item menu-item-type-post_type menu-item-object-page menu-item-30\"><a href=\"https:\/\/stromorental.pl\/?page_id=11\" class=\"elementor-item\">Zasady wynajmu<\/a><\/li>\n<\/ul>\t\t\t<\/nav>\n\t\t\t\t\t<div class=\"elementor-menu-toggle\" role=\"button\" tabindex=\"0\" aria-label=\"Menu Toggle\" aria-expanded=\"false\">\n\t\t\t<svg aria-hidden=\"true\" role=\"presentation\" class=\"elementor-menu-toggle__icon--open e-font-icon-svg e-eicon-menu-bar\" viewBox=\"0 0 1000 1000\" xmlns=\"http:\/\/www.w3.org\/2000\/svg\"><path d=\"M104 333H896C929 333 958 304 958 271S929 208 896 208H104C71 208 42 237 42 271S71 333 104 333ZM104 583H896C929 583 958 554 958 521S929 458 896 458H104C71 458 42 487 42 521S71 583 104 583ZM104 833H896C929 833 958 804 958 771S929 708 896 708H104C71 708 42 737 42 771S71 833 104 833Z\"><\/path><\/svg><svg aria-hidden=\"true\" role=\"presentation\" class=\"elementor-menu-toggle__icon--close e-font-icon-svg e-eicon-close\" viewBox=\"0 0 1000 1000\" xmlns=\"http:\/\/www.w3.org\/2000\/svg\"><path d=\"M742 167L500 408 258 167C246 154 233 150 217 150 196 150 179 158 167 167 154 179 150 196 150 212 150 229 154 242 171 254L408 500 167 742C138 771 138 800 167 829 196 858 225 858 254 829L496 587 738 829C750 842 767 846 783 846 800 846 817 842 829 829 842 817 846 804 846 783 846 767 842 750 829 737L588 500 833 258C863 229 863 200 833 171 804 137 775 137 742 167Z\"><\/path><\/svg>\t\t\t<span class=\"elementor-screen-only\">Menu<\/span>\n\t\t<\/div>\n\t\t\t\t\t<nav class=\"elementor-nav-menu--dropdown elementor-nav-menu__container\" aria-hidden=\"true\">\n\t\t\t\t<ul id=\"menu-2-92a837e\" class=\"elementor-nav-menu\"><li class=\"menu-item menu-item-type-post_type menu-item-object-page menu-item-home menu-item-34\"><a href=\"https:\/\/stromorental.pl\/\" class=\"elementor-item\" tabindex=\"-1\">WYPOZYCZALNIA ELEKTRONARZEDZI WROC\u0141AW STROMO RENTAL<\/a><\/li>\n<li class=\"menu-item menu-item-type-post_type menu-item-object-page menu-item-32\"><a href=\"https:\/\/stromorental.pl\/?page_id=7\" class=\"elementor-item\" tabindex=\"-1\">Wynajem sprz\u0119tu<\/a><\/li>\n<li class=\"menu-item menu-item-type-post_type menu-item-object-page menu-item-31\"><a href=\"https:\/\/stromorental.pl\/?page_id=9\" class=\"elementor-item\" tabindex=\"-1\">Kontakt<\/a><\/li>\n<li class=\"menu-item menu-item-type-post_type menu-item-object-page menu-item-30\"><a href=\"https:\/\/stromorental.pl\/?page_id=11\" class=\"elementor-item\" tabindex=\"-1\">Zasady wynajmu<\/a><\/li>\n<\/ul>\t\t\t<\/nav>\n\t\t\t\t\t\t<\/div>\n\t\t\t\t<\/div>\n\t\t\t\t\t<\/div>\n\t\t<\/div>\n\t\t\t\t\t<\/div>\n\t\t<\/section>\n\t\t\t\t<section class=\"elementor-section elementor-top-section elementor-element elementor-element-578c51e0 elementor-section-content-bottom elementor-section-boxed elementor-section-height-default elementor-section-height-default\" data-id=\"578c51e0\" data-element_type=\"section\" data-e-type=\"section\" data-settings=\"{&quot;background_background&quot;:&quot;classic&quot;}\">\n\t\t\t\t\t\t\t<div class=\"elementor-background-overlay\"><\/div>\n\t\t\t\t\t\t\t<div class=\"elementor-container elementor-column-gap-no\">\n\t\t\t\t\t<div class=\"elementor-column elementor-col-100 elementor-top-column elementor-element elementor-element-3af32d79 elementor-invisible\" data-id=\"3af32d79\" data-element_type=\"column\" data-e-type=\"column\" data-settings=\"{&quot;background_background&quot;:&quot;classic&quot;,&quot;animation&quot;:&quot;zoomIn&quot;}\">\n\t\t\t<div class=\"elementor-widget-wrap\">\n\t\t\t\t\t\t\t<\/div>\n\t\t<\/div>\n\t\t\t\t\t<\/div>\n\t\t<\/section>\n\t\t\t\t<section class=\"elementor-section elementor-top-section elementor-element elementor-element-32ea1fb1 elementor-section-content-bottom elementor-section-boxed elementor-section-height-default elementor-section-height-default\" data-id=\"32ea1fb1\" data-element_type=\"section\" data-e-type=\"section\" id=\"onas\">\n\t\t\t\t\t\t<div class=\"elementor-container elementor-column-gap-no\">\n\t\t\t\t\t<div class=\"elementor-column elementor-col-100 elementor-top-column elementor-element elementor-element-61ef32fc elementor-invisible\" data-id=\"61ef32fc\" data-element_type=\"column\" data-e-type=\"column\" data-settings=\"{&quot;background_background&quot;:&quot;classic&quot;,&quot;animation&quot;:&quot;zoomIn&quot;}\">\n\t\t\t<div class=\"elementor-widget-wrap elementor-element-populated\">\n\t\t\t\t\t\t<div class=\"elementor-element elementor-element-23ea982f elementor-widget elementor-widget-text-editor\" data-id=\"23ea982f\" data-element_type=\"widget\" data-e-type=\"widget\" data-widget_type=\"text-editor.default\">\n\t\t\t\t\t\t\t\t\t<p>Regulamin Wypo\u017cyczalni Sprz\u0119tu Ogrodniczego i Budowlanego<\/p>\t\t\t\t\t\t\t\t<\/div>\n\t\t\t\t<div class=\"elementor-element elementor-element-28866528 elementor-widget elementor-widget-text-editor\" data-id=\"28866528\" data-element_type=\"widget\" data-e-type=\"widget\" data-widget_type=\"text-editor.default\">\n\t\t\t\t\t\t\t\t\t<p><b>\u00a71 Warunki wynajmu sprz\u0119tu. <\/b><br \/>Podstaw\u0105 wynaj\u0119cia sprz\u0119tu jest spisanie umowy wynajmu pomi\u0119dzy Wypo\u017cyczalni\u0105 zwan\u0105 w dalszej cz\u0119\u015bci WYNAJMUJ\u0104CYM, a osob\u0105 lub firm\u0105 po\u017cyczaj\u0105c\u0105 zwan\u0105 w dalszej cz\u0119\u015bci NAJEMC\u0104.<br \/>Umowa spisywana jest przez WYNAJMUJ\u0104CEGO na podstawie dw\u00f3ch wa\u017cnych dokument\u00f3w ze zdj\u0119ciem, na czas okre\u015blony podany przez NAJEMC\u0118.<br \/>Podczas wypo\u017cyczania zostaje pobrana kaucja zwrotna, kt\u00f3ra jest ewentualnym zabezpieczeniem dla WYNAJMUJ\u0104CEGO w przypadku wynik\u0142ych strat, uszkodze\u0144, kradzie\u017cy lub dewastacji podczas eksploatacji sprz\u0119tu. O wysoko\u015b\u0107 kwoty pobieranego depozytu decyduje warto\u015b\u0107 wypo\u017cyczanego sprz\u0119tu oraz czas na jaki jest on wynajmowany. Stali i zaufani klienci mog\u0105 liczy\u0107 na obni\u017con\u0105 stawk\u0119 kaucji lub ca\u0142kowite jej zniesienie.<br \/>Wysoko\u015b\u0107 stawki dziennej jest regulowana w zale\u017cno\u015bci od d\u0142ugo\u015bci najmu, zgodnie z cennikiem oraz przyznanymi rabatami.<br \/>Cena za dob\u0119 oznacza zwrot sprz\u0119tu przed 24 godzinami od chwili wynajmu.. Zdanie sprz\u0119tu po up\u0142ywie 24 godzin powoduje naliczenie kolejnej stawki.<br \/>Czynsz jest ustalony za czas wynajmu i nie uwzgl\u0119dnia faktycznego czasu pracy urz\u0105dzenia, jest obliczany od momentu wypo\u017cyczenia do momentu zwrotu sprz\u0119tu.<br \/>Wypo\u017cyczane urz\u0105dzenia s\u0105 w pe\u0142ni sprawne technicznie.<br \/>Przy wynajmie na jeden dzie\u0144 roboczy przetrzymanie maszyny przez niedziele i dni \u015bwi\u0105teczne nie powoduje obni\u017cenia stawki najmu.<br \/>Wypo\u017cyczalnia nie ponosi odpowiedzialno\u015bci za skutki uboczne i\/lub nast\u0119pstw awarii urz\u0105dzenia jak: uszkodzenia cia\u0142a, straty materialne, utrata przewidywanych zysk\u00f3w (dochod\u00f3w, p\u0142ace zatrudnionych pracownik\u00f3w, niezrealizowanych cho\u0107 przyj\u0119tych zlece\u0144 itp.).<br \/>Rachunku b\u0119d\u0105 wystawiane na koniec miesi\u0105ca oraz na koniec okresu wypo\u017cyczenia.<\/p><p>\u00a0<\/p><p><b>\u00a72 Zobowi\u0105zania WYNAJMUJ\u0104CEGO.<\/b> <br \/>WYNAJMUJ\u0104CY o\u015bwiadcza, \u017ce sprz\u0119t, b\u0119d\u0105cy przedmiotem umowy jest w dobrym stanie technicznym, przydatnym do um\u00f3wionego u\u017cytku, bez \u017cadnych ukrytych wad.<br \/>Przed ka\u017cdym wypo\u017cyczeniem sprz\u0119tu WYNAJMUJ\u0104CY ma obowi\u0105zek zapozna\u0107 NAJEMC\u0118 z instrukcj\u0105 obs\u0142ugi i przeszkoli\u0107 go w zakresie bezpiecznego u\u017cytkowania najmowanego sprz\u0119tu.<br \/>Wynajmuj\u0105cy nie ponosi \u017cadnej odpowiedzialno\u015bci za wypadki i ewentualne szkody powsta\u0142e w czasie u\u017cytkowania narz\u0119dzi.<br \/>WYNAJMUJ\u0104CY zobowi\u0105zuje si\u0119 do ochrony danych osobowych NAJEMCY i nie przekazywania ich osobom trzecim bez wyra\u017anej zgody NAJEMCY.<\/p><p><b>\u00a73 Zobowi\u0105zania NAJEMCY. <\/b><br \/>NAJEMCA przyjmuje do u\u017cytku sprz\u0119t b\u0119d\u0105cy w\u0142asno\u015bci\u0105 WYNAJMUJ\u0104CEGO, z obowi\u0105zkiem zwrotu w stanie nie pogorszonym ponad normalne zu\u017cycie.<br \/>NAJEMCA o\u015bwiadcza, \u017ce zosta\u0142 zapoznany z instrukcj\u0105 obs\u0142ugi i zosta\u0142 przeszkolony w zakresie bezpiecznego u\u017cytkowania najmowanego sprz\u0119tu.<br \/>NAJEMCA zobowi\u0105zuje si\u0119 p\u0142aci\u0107 WYNAJMUJ\u0104CEMU czynsz w wysoko\u015bci wynikaj\u0105cej z przemno\u017cenia ilo\u015bci dni najmu i stawki za jedn\u0105 dob\u0119 wed\u0142ug obowi\u0105zuj\u0105cego cennika. W przypadku zw\u0142oki w p\u0142atno\u015bci, WYNAJMUJ\u0104CY uprawniony jest do \u017c\u0105dania ustawowych odsetek. <br \/>NAJEMCA zobowi\u0105zuje si\u0119, i\u017c wynaj\u0119ty sprz\u0119t b\u0119dzie u\u017cytkowa\u0142 zgodnie z jego przeznaczeniem, nie b\u0119dzie dokonywa\u0142 napraw bez wiedzy i zgody WYNAJMUJ\u0104CEGO, nie odda przedmiotu najmu osobie trzeciej do u\u017cywania lub w podnajem, zabezpieczy sprz\u0119t przed uszkodzeniem, kradzie\u017c\u0105 i zniszczeniem. <br \/>Od chwili odbioru sprz\u0119tu od WYNAJMUJ\u0104CEGO do momentu jego zwrotu NAJEMCA ponosi odpowiedzialno\u015b\u0107 za jego zagini\u0119cie lub uszkodzenie; kradzie\u017c lub dewastacje. NAJEMCA ma obowi\u0105zek bezzw\u0142ocznie zg\u0142osi\u0107 organom \u015bcigania fakt zagini\u0119cia przedmiotu najmu.<br \/>W razie zagini\u0119cia, utraty lub zniszczenia sprz\u0119tu NAJEMCA zobowi\u0105zany jest do wyr\u00f3wnania tych strat WYNAJMUJ\u0104CEMU w wysoko\u015bci warto\u015bci odtworzeniowej przedmiotu najmu w przypadku jego zniszczenia lub utraty, lub odpowiedniej cz\u0119\u015bci jego warto\u015bci w przypadku uszkodzenia.<br \/>Skutki uszkodze\u0144, awarii i strat powsta\u0142e przez nie przestrzeganie w\/w instrukcji oraz zasad bhp b\u0119d\u0105 obci\u0105\u017ca\u0142y najemc\u0119.<br \/>Odpowiedzialno\u015b\u0107 za szkody wobec os\u00f3b trzecich powsta\u0142e w skutek prac prowadzonych przy u\u017cyciu przedmiotu najmu przez NAJEMC\u0118 ponosi NAJEMCA.<br \/>NAJEMCA zrzeka si\u0119 wszelkich roszcze\u0144 wobec WYNAJMUJ\u0104CEGO z tytu\u0142u wypadk\u00f3w, poniesionych szk\u00f3d lub obra\u017ce\u0144 powsta\u0142ych w trakcie korzystania z wypo\u017cyczonego sprz\u0119tu.<br \/>Koszty transportu ponosi Najemca.<\/p><p><b>\u00a74 Zwrot sprz\u0119tu. <\/b><br \/>NAJEMCA zobowi\u0105zuje si\u0119 zwr\u00f3ci\u0107 przedmiot najmu w przewidywanym dniu zwrotu, podanym na umowie wynajmu, nie p\u00f3\u017aniej ni\u017c do godziny, w kt\u00f3rej zosta\u0142 on po\u017cyczony. W przypadku zwrotu przedmiotu najmu po terminie wyga\u015bni\u0119cia umowy najmu, zostanie naliczony czynsz za ka\u017cdy dzie\u0144 zw\u0142oki wed\u0142ug obowi\u0105zuj\u0105cego cennika.<br \/>Zwr\u00f3cony sprz\u0119t powinien by\u0107 kompletny, w pe\u0142ni sprawny, wolny od wszelkich wad i oczyszczony.<br \/>W przypadku zwrotu brudnego przedmiotu najmu,\u00a0 NAJEMCA poniesie koszty mycia wed\u0142ug obowi\u0105zuj\u0105cego cennika.<\/p><p><b>\u00a75 Zerwanie umowy wynajmu.<\/b><br \/>1. Zerwanie umowy wynajmu nast\u0119puje w przypadku: <br \/>samowolnego przed\u0142u\u017cenia czasu u\u017cytkowania,<br \/>braku rozliczenia za okres przekraczaj\u0105cy 30 dni,<br \/>u\u017cywanie wynaj\u0119tego sprz\u0119tu niezgodnie z przeznaczeniem i zasadami sztuki.<br \/>2. Zerwanie umowy powoduje rygor natychmiastowego zwrotu wynaj\u0119tego urz\u0105dzenia. <br \/>Wypo\u017cyczalnia jest czynna od poniedzia\u0142ku do pi\u0105tku w godz.: 8.00-18.00, sobota 8.00-18:00<br \/>Przed\u0142u\u017canie czasu najmu mo\u017ce nast\u0105pi\u0107 za zgod\u0105 Wypo\u017cyczalni, prosimy koniecznie nas powiadamia\u0107 telefonicznie pod nr <b>884 308 289\u00a0<\/b><\/p><p>\u00a0<\/p>\t\t\t\t\t\t\t\t<\/div>\n\t\t\t\t\t<\/div>\n\t\t<\/div>\n\t\t\t\t\t<\/div>\n\t\t<\/section>\n\t\t\t\t<section class=\"elementor-section elementor-top-section elementor-element elementor-element-55ddef26 elementor-section-content-bottom elementor-section-boxed elementor-section-height-default elementor-section-height-default\" data-id=\"55ddef26\" data-element_type=\"section\" data-e-type=\"section\" data-settings=\"{&quot;background_background&quot;:&quot;classic&quot;}\">\n\t\t\t\t\t\t\t<div class=\"elementor-background-overlay\"><\/div>\n\t\t\t\t\t\t\t<div class=\"elementor-container elementor-column-gap-no\">\n\t\t\t\t\t<div class=\"elementor-column elementor-col-100 elementor-top-column elementor-element elementor-element-48ea33d9 elementor-invisible\" data-id=\"48ea33d9\" data-element_type=\"column\" data-e-type=\"column\" data-settings=\"{&quot;background_background&quot;:&quot;classic&quot;,&quot;animation&quot;:&quot;zoomIn&quot;}\">\n\t\t\t<div class=\"elementor-widget-wrap elementor-element-populated\">\n\t\t\t\t\t\t<div class=\"elementor-element elementor-element-66b56960 elementor-widget elementor-widget-text-editor\" data-id=\"66b56960\" data-element_type=\"widget\" data-e-type=\"widget\" data-widget_type=\"text-editor.default\">\n\t\t\t\t\t\t\t\t\t<p>Wypo\u017cyczalnia sprz\u0119tu tylko u STROMO<\/p>\t\t\t\t\t\t\t\t<\/div>\n\t\t\t\t\t<\/div>\n\t\t<\/div>\n\t\t\t\t\t<\/div>\n\t\t<\/section>\n\t\t\t\t<section class=\"elementor-section elementor-top-section elementor-element elementor-element-393e0595 elementor-section-boxed elementor-section-height-default elementor-section-height-default\" data-id=\"393e0595\" data-element_type=\"section\" data-e-type=\"section\" data-settings=\"{&quot;background_background&quot;:&quot;classic&quot;}\">\n\t\t\t\t\t\t\t<div class=\"elementor-background-overlay\"><\/div>\n\t\t\t\t\t\t\t<div class=\"elementor-container elementor-column-gap-no\">\n\t\t\t\t\t<div class=\"elementor-column elementor-col-50 elementor-top-column elementor-element elementor-element-fb3ebe6\" data-id=\"fb3ebe6\" data-element_type=\"column\" data-e-type=\"column\">\n\t\t\t<div class=\"elementor-widget-wrap\">\n\t\t\t\t\t\t\t<\/div>\n\t\t<\/div>\n\t\t\t\t<div class=\"elementor-column elementor-col-50 elementor-top-column elementor-element elementor-element-61fe111c\" data-id=\"61fe111c\" data-element_type=\"column\" data-e-type=\"column\">\n\t\t\t<div class=\"elementor-widget-wrap\">\n\t\t\t\t\t\t\t<\/div>\n\t\t<\/div>\n\t\t\t\t\t<\/div>\n\t\t<\/section>\n\t\t\t\t<section class=\"elementor-section elementor-top-section elementor-element elementor-element-388f918e elementor-section-content-middle elementor-section-boxed elementor-section-height-default elementor-section-height-default\" data-id=\"388f918e\" data-element_type=\"section\" data-e-type=\"section\" data-settings=\"{&quot;background_background&quot;:&quot;classic&quot;}\">\n\t\t\t\t\t\t<div class=\"elementor-container elementor-column-gap-default\">\n\t\t\t\t\t<div class=\"elementor-column elementor-col-100 elementor-top-column elementor-element elementor-element-738554b1\" data-id=\"738554b1\" data-element_type=\"column\" data-e-type=\"column\">\n\t\t\t<div class=\"elementor-widget-wrap elementor-element-populated\">\n\t\t\t\t\t\t<div class=\"elementor-element elementor-element-6a587ead elementor-widget elementor-widget-heading\" data-id=\"6a587ead\" data-element_type=\"widget\" data-e-type=\"widget\" data-widget_type=\"heading.default\">\n\t\t\t\t\t<h3 class=\"elementor-heading-title elementor-size-medium\">Projekt i Realizacja: <a href=\"http:\/\/widiart.pl\" target=\"_blank\">WiDI ART Studio<\/a><\/h3>\t\t\t\t<\/div>\n\t\t\t\t\t<\/div>\n\t\t<\/div>\n\t\t\t\t\t<\/div>\n\t\t<\/section>\n\t\t\t\t<\/div>\n\t\t","protected":false},"excerpt":{"rendered":"<p>Regulamin Wypo\u017cyczalni Sprz\u0119tu Ogrodniczego i Budowlanego \u00a71 Warunki wynajmu sprz\u0119tu. Podstaw\u0105 wynaj\u0119cia sprz\u0119tu jest spisanie umowy wynajmu pomi\u0119dzy Wypo\u017cyczalni\u0105 zwan\u0105 w dalszej cz\u0119\u015bci WYNAJMUJ\u0104CYM, a osob\u0105 lub firm\u0105 po\u017cyczaj\u0105c\u0105 zwan\u0105 w dalszej cz\u0119\u015bci NAJEMC\u0104.Umowa spisywana jest przez WYNAJMUJ\u0104CEGO na podstawie dw\u00f3ch wa\u017cnych dokument\u00f3w ze zdj\u0119ciem, na czas okre\u015blony podany przez NAJEMC\u0118.Podczas wypo\u017cyczania zostaje pobrana kaucja &hellip; <\/p>\n<p class=\"link-more\"><a href=\"https:\/\/stromorental.pl\/?page_id=11\" class=\"more-link\">Czytaj dalej<span class=\"screen-reader-text\"> \u201eZasady wynajmu\u201d<\/span><\/a><\/p>\n","protected":false},"author":1,"featured_media":0,"parent":0,"menu_order":0,"comment_status":"closed","ping_status":"closed","template":"elementor_canvas","meta":{"footnotes":""},"class_list":["post-11","page","type-page","status-publish","hentry"],"_links":{"self":[{"href":"https:\/\/stromorental.pl\/index.php?rest_route=\/wp\/v2\/pages\/11","targetHints":{"allow":["GET"]}}],"collection":[{"href":"https:\/\/stromorental.pl\/index.php?rest_route=\/wp\/v2\/pages"}],"about":[{"href":"https:\/\/stromorental.pl\/index.php?rest_route=\/wp\/v2\/types\/page"}],"author":[{"embeddable":true,"href":"https:\/\/stromorental.pl\/index.php?rest_route=\/wp\/v2\/users\/1"}],"replies":[{"embeddable":true,"href":"https:\/\/stromorental.pl\/index.php?rest_route=%2Fwp%2Fv2%2Fcomments&post=11"}],"version-history":[{"count":10,"href":"https:\/\/stromorental.pl\/index.php?rest_route=\/wp\/v2\/pages\/11\/revisions"}],"predecessor-version":[{"id":531,"href":"https:\/\/stromorental.pl\/index.php?rest_route=\/wp\/v2\/pages\/11\/revisions\/531"}],"wp:attachment":[{"href":"https:\/\/stromorental.pl\/index.php?rest_route=%2Fwp%2Fv2%2Fmedia&parent=11"}],"curies":[{"name":"wp","href":"https:\/\/api.w.org\/{rel}","templated":true}]}}